= 4*j. Let z = j + 117. Let x be (30/25)/((-2)/(-5)). Calculate the greatest common factor of x and z.
3
Suppose -j - m - 39 = 0, 4*j + 5*m = -101 - 56. Let q = 196 - 192. Let o be j*(-3 - (4 + -1 - q)). Calculate the highest common factor of 38 and o.
38
Let g(l) = l**3 - 5*l**2 - 8*l + 116. Let z be g(6). What is the greatest common divisor of 152 and z?
8
Suppose 30720 = -216*a + 240*a. Calculate the highest common factor of a and 30.
10
Suppose 149*x - 237 = 6617. Let n = 4 - 3. Let m(s) = 138*s**2. Let v be m(n). Calculate the greatest common factor of v and x.
46
Suppose -111*s = -112*s + 2. Suppose s*c - 24 = -0*c - 5*t, 2*t = 4*c. Calculate the highest common divisor of c and 102.
2
Let v = 7 + -1. Let g(t) = 3*t**2 + 231*t - 3504. Let k be g(13). What is the greatest common factor of k and v?
6
Suppose -161 = -r - 4*l, 0*l = -5*r - 3*l + 924. What is the highest common divisor of r and 36?
9
Let j = -212 + 216. Suppose j*d - 6*k + 2*k = 12, 32 = 4*d + k. Calculate the greatest common divisor of 371 and d.
7
Suppose -5*j + r = -1513, 3*r = -9*j + 4*j + 1501. Let g = j + -16. What is the greatest common divisor of g and 22?
22
Let i be 11 + 24/(6/(-1)). Let z be i - 129/(12/(-4)). Calculate the greatest common divisor of z and 450.
50
Suppose 110*k - 13567 = 23*k + 1658. Calculate the greatest common divisor of k and 805.
35
Let z be (-1 + -2786 + (-7)/(-7))/(-2). What is the highest common factor of z and 35?
7
Let a = -4232 + 5407. Calculate the greatest common divisor of a and 75.
25
Suppose 30*b = 15*b + 18*b. Let l be (306/3 - b) + 6. What is the greatest common divisor of 24 and l?
12
Let n be 12/78 + (-1100)/52. Let p be n/2*1820/(-105). What is the greatest common factor of p and 52?
26
Suppose -4*k = -2*i, 27*k - 20 = 28*k - 3*i. Suppose 5*n + 0*n = 2*d - 369, -5*d = -2*n - 870. What is the highest common factor of d and k?
4
Suppose 110*m + 700 = 117*m. Suppose -4*y = -92 - m. Calculate the highest common divisor of 3 and y.
3
Let o be (14 - -3 - -1) + -4. Suppose -o*j + 8*j = 15228. Let p be (-6)/8 + j/(-24). Calculate the greatest common divisor of 15 and p.
15
Suppose 0 = -2*j + 132*r - 127*r + 409, j = -5*r + 242. Calculate the greatest common divisor of 14 and j.
7
Let c be (1*-1 + -2)/(-171 - -170). Suppose -i = c*f - 20, 0 = -2*f + 4*i + 17 + 15. Let p be 63/15 - 1/5. What is the greatest common factor of f and p?
4
Let f be (-845)/(-507) + (-3217)/(-3). What is the highest common factor of f and 6?
6
Let f be (-4)/(-5) - 4*11208/(-60). Calculate the greatest common divisor of f and 44.
44
Let h = 9425 - 8913. Calculate the highest common factor of h and 1600.
64
Let h be ((-462)/(0 - -6))/(-1). Suppose 0 = 4*r - d - 20, 0*d + 16 = 3*r - d. Suppose -r*j = -18 - 10. Calculate the greatest common divisor of j and h.
7
Let s = 29821 + -29803. Calculate the greatest common factor of 63 and s.
9
Let j(b) = b. Let y be j(10). Suppose -8*t + y = 26. Let f be -3*1/2*t. What is the highest common factor of 2 and f?
1
Suppose -3*z = -u - 8, -4*z + 7*z - 14 = -5*u. Let q(l) = -l**3 - 6*l**2 - 13 - 7*l + 3 + z. Let x be q(-5). Calculate the greatest common divisor of x and 6.
3
Let o = 3143 + 3868. What is the greatest common divisor of o and 246?
123
Suppose -4*h = 3*f + 2236, 359 + 383 = -f + 2*h. Let t be (-1)/(-1 - -5 - f/(-184)). Calculate the greatest common divisor of 184 and t.
23
Suppose 246 + 294 = 20*x. Suppose -10*s + x*s - 408 = 0. Calculate the greatest common factor of s and 88.
8
Suppose 3*h + 2*u = 194, 2*u - 89 = -h - 31. Calculate the highest common factor of h and 320.
4
Let s be (-24)/(-2)*(-42)/8*-2. Let h = s - 5. What is the greatest common divisor of h and 22?
11
Suppose 85366*r + 1938 = 85383*r. Let x be (2/3)/((-1)/(-18)). What is the highest common factor of x and r?
6
Let s be 3 - (-7 - -17)/(4/(-4376)*4). What is the greatest common divisor of s and 370?
74
Let u(i) = 6*i**2 + 3*i - 1. Let n be u(-1). Suppose 0 = 5*f + 4*k - 120, 0 = -3*f - n*k + k + 65. What is the highest common factor of f and 10?
10
Let f be ((-78)/(-9))/((-26)/(-39)). Let h be ((-62)/(-4))/(f/494). Calculate the greatest common factor of h and 19.
19
Let g(h) = h**2 - 9*h + 6. Let o be g(9). Suppose o*s = 7*s. Suppose s = -0*w + w - 8. Calculate the greatest common divisor of 32 and w.
8
Suppose 4*m = 3*l - 1950 - 1891, 2589 = 2*l + 3*m. Suppose -2*r + 862 = 2*i, 0 = -3*i - 0*i - 5*r + l. What is the highest common divisor of 14 and i?
14
Let w(b) = -2*b**3 + 13*b**2 - 5*b - 17. Let z be w(5). Let s be 12/(-66) + 270/z. Calculate the highest common factor of s and 584.
8
Let o be (317/4 - 2/8)/(11/594). Calculate the greatest common factor of o and 6.
6
Suppose 0 = 2*g - 444 - 54. Let b(p) = 93*p - 29 + 28 - g*p. Let z be b(-1). What is the greatest common factor of z and 62?
31
Let o be 9/(-4)*(-5 + 1). Let d = 262 - 393. Let h = d - -149. Calculate the highest common factor of h and o.
9
Let h(k) = 2*k**2 + 7*k - 8. Let z be h(-7). Suppose 0 = -60*u - 72*u + 59*u + 14965. Calculate the highest common divisor of z and u.
41
Let d be (6*20/(-50))/(12/(-45)). What is the greatest common factor of d and 639?
9
Suppose -306*o + 90063 + 485533 = -88118. Calculate the greatest common divisor of 1205 and o.
241
Let t be -2 + 34/(-51)*3270/(-1). Calculate the highest common divisor of t and 54.
18
Let b be (4 + -5)/(4/(168/(-3))). Suppose 28*c - 21 = 27*c. Calculate the highest common factor of c and b.
7
Let w(b) = -118*b - 9. Let h be w(-2). Suppose 0 = -8*q - 35 + h. Suppose -84*r + 87*r - q = 0. Calculate the highest common factor of r and 80.
8
Suppose 768 = -99*m + 105*m. Let c be -1 + m - (3 + 3 + -5). Calculate the greatest common factor of c and 28.
14
Suppose -4*s + 81 = 5*a, a = -11*s + 14*s + 1. Let v be 330 + a + (2 - -6). Let m be (39/(-4))/((-2)/8). What is the highest common factor of v and m?
39
Let v = 5 + -3. Suppose -v*g - 179 = -985. What is the highest common divisor of 13 and g?
13
Let o(m) = 7*m**3 + 117*m**2 - 4*m - 156. Let v be o(-16). Calculate the greatest common factor of 324 and v.
108
Let x(h) = -h. Let m be x(-5). Suppose 2*k - 19 = 9. Suppose -5*a - 4 = -k, q - 2*a - 36 = 0. Calculate the highest common factor of q and m.
5
Suppose -125*w - 396 = -134*w. What is the greatest common divisor of 220 and w?
44
Suppose 2*b - 2410 = -2*m, 2*m - 4*m + 4*b + 2404 = 0. What is the highest common factor of 4988 and m?
172
Suppose -4*c - 16 = 0, -4*p + 311 = -11*c - 345. Calculate the greatest common divisor of p and 833.
17
Suppose -117*m + 45 + 126864 = 11079. Calculate the highest common divisor of m and 462.
66
Let u(n) = 48*n + 55. Let m = -337 - -341. Let y be u(m). Calculate the highest common factor of 38 and y.
19
Suppose -3*x - 241 = -2*g, 5*g + 4*x - 230 = 338. What is the highest common divisor of g and 1218?
58
Let n(h) = 4*h + 49. Let t be n(-10). Suppose -13 = -2*a - t. What is the greatest common divisor of a and 50?
2
Suppose -30*o = -4*o + 5*o - 2852. Calculate the greatest common divisor of o and 23.
23
Suppose 0 = 9*y - 11 - 43. Suppose -y*j - 136 = -2*j. Let q = -29 - j. Calculate the greatest common divisor of q and 10.
5
Let k(l) = 2*l + 11. Let j be k(5). Let a(x) = -x**2 + 11*x + 6. Let t be a(9). Let o = -10 + t. Calculate the greatest common divisor of j and o.
7
Suppose 147*o - 129*o = 23061 + 1383. What is the greatest common divisor of 14 and o?
14
Let p = 481 + -121. Suppose -2*n = 8*n + 2140. Let r = -174 - n. What is the greatest common divisor of r and p?
40
Let r be 8/(-8) + (-22 - -3)*-5 - -1. What is the highest common divisor of r and 5?
5
Suppose -4*a - 1 = -5. Let u = 71 + -64. Suppose -u = m - 4*z, 3*m + z = 9 - 4. What is the highest common factor of a and m?
1
Suppose 4*l = h + 26, 5*l - 5*h + 5 - 30 = 0. Let w(j) = 3*j**2 + 5*j - 156. Let c be w(l). Calculate the highest common divisor of 117 and c.
13
Suppose 3*h - 4*j + 7*j = 9, 25 = 3*h - 5*j. Suppose 0 = 5*n + 105 - h. Let m = n - -32. Calculate the greatest common divisor of m and 18.
6
Suppose -592 - 158 = -15*n. Let s = -44 + n. What is the greatest common divisor of s and 162?
6
Let p be (-9)/(-3) + 0 - -15. Let t(a) = 2*a - 31. Let m be t(p). Suppose -2*z - 100 = -7*z. Calculate the highest common factor of 